t(1). Let q = -12 - -20. What is the greatest common divisor of s and q?
4
Let j(b) = 96*b - 2436. Let y be j(32). What is the greatest common divisor of 24 and y?
12
Let q be (10 - (-5 + 5 + 2)) + 1204 + 4. Calculate the highest common divisor of 56 and q.
8
Suppose 0 = i + m - 70, 16*m + 275 = 4*i + 19*m. Calculate the greatest common divisor of 3445 and i.
65
Let l be (351/6)/(-9)*-2. Let c(w) = w**2 - 3*w - 1. Let n be c(l). Suppose 0 = 3*o - n - 39. What is the greatest common factor of o and 84?
28
Let l = -153 + 154. Let n = l - -65. Calculate the greatest common divisor of n and 88.
22
Suppose 0 = -5*r - 3*b + 19, -3*r - 4*b + 15 = -b. Let o be -54 - 2/r - (-5 + 2). Let z = 59 + o. What is the greatest common factor of 14 and z?
7
Suppose -4*m + 3*g + 8 = 7*g, 0 = -5*g. Suppose -3*i + m*a - a + 61 = 0, -5*i - a + 91 = 0. Calculate the greatest common divisor of 323 and i.
19
Let k be (-7 + 2864531/(-215))/(2/(-5)). Calculate the highest common divisor of k and 19.
19
Let o be (776/24 - 4/(-1))*3. Suppose 4*p + 3*l + 16 = o, 2*l = -2*p + 46. Suppose -1 - 47 = -2*v. What is the greatest common factor of p and v?
24
Suppose -4*h + 4*g - 595 = -2199, 4*g - 1942 = -5*h. What is the highest common factor of 3743 and h?
197
Let f = -3 - -5. Let b = 136435 - 136420. What is the greatest common factor of f and b?
1
Let v(g) = -268*g - 3046. Let q be v(-12). Calculate the greatest common divisor of 1054 and q.
34
Let f(s) = 13*s**2 + 958*s - 3852. Let p be f(4). Calculate the greatest common factor of 8 and p.
4
Suppose -10*l = 2080610 - 2081460. Suppose m + 0*m - 1279 = -x, -4*x = 5*m - 5120. Calculate the greatest common divisor of l and x.
85
Let g(m) = 3*m**2 + m + 6. Let h(l) = -4*l + 29. Let d be h(8). Let b be g(d). What is the greatest common divisor of 12 and b?
6
Let n be (-5 + 60/(-16))/((45/1540)/(-9)). What is the highest common factor of 98 and n?
49
Let d(j) = -8*j**2 - 5*j - 1. Let h be d(-2). Suppose 0*b + 2*b = -4*r + 86, 4*b + 3*r - 152 = 0. Let u = h + b. What is the greatest common factor of 12 and u?
12
Let q be 5 + 32/(-3) + 14/21. Let y be q/((5 - 11) + (-321)/(-54)). Calculate the highest common factor of y and 1440.
90
Let g = 16020 + 10996. Calculate the greatest common divisor of g and 88.
88
Let s be (2 + (-96)/9)/((-2)/12). Suppose 5*j = 4*a + 1434, 2*j - 576 = 3*a + a. What is the greatest common factor of s and j?
26
Suppose 2171 + 2967 = 8*r - 6862. What is the highest common divisor of r and 4?
4
Suppose 4*v + 3*o - 470 = 0, 4*o = -o - 10. Let g = v - 19. What is the greatest common factor of g and 60?
20
Suppose 0 = 35*k - 15*k + 63*k - 332. Let f = -6 - -36. Calculate the greatest common factor of f and k.
2
Suppose -587370 - 312758 = -16*h. Calculate the greatest common factor of h and 46.
46
Let a(f) = 4*f**2 - 9*f + 259. Let p be a(0). Calculate the highest common divisor of 14 and p.
7
Let o(q) = q + 276. Let i be o(0). Suppose -84 = 188*l - 190*l - 4*y, 5*l - 3*y = 171. What is the greatest common factor of l and i?
12
Let v(u) = -u**3 + 14*u**2 - 16*u - 4. Let i be v(10). Let j = i + -229. What is the greatest common divisor of 2 and j?
1
Let f(n) = -n**2 + 8*n - 4. Let q be f(7). Suppose -q*i + 4*i - 325 = 0. What is the highest common divisor of i and 25?
25
Let i = -12953 + 21104. Calculate the highest common factor of i and 247.
247
Let l = -40 - -88. Suppose 89 = -5*y + 139. Suppose 3*n = 2*u + 46 + y, -68 = -5*n - 3*u. What is the greatest common factor of n and l?
16
Suppose -3*c + 31 - 132 = -7*t, -2 = 2*c. What is the highest common factor of 91 and t?
7
Suppose -33 = -6*i - 129. Let s be 4 - 4*(-20)/i. Let x be s + (-355)/(-20)*4. What is the greatest common factor of x and 14?
14
Let q(k) = -20*k + 15. Let m be q(-4). Let v = m + -87. Suppose 0 = y - 4*h + 3, 5*y + 3*h - v = 69. What is the greatest common divisor of y and 208?
13
Suppose -10*y = 41 + 799. Let u = y - -110. What is the greatest common divisor of 65 and u?
13
Let q be (-4)/(-24) - 89/(-6). Suppose -5*f + 8*f = 45. Calculate the highest common divisor of q and f.
15
Let r(o) = 223*o + 5796. Let j be r(127). What is the highest common factor of j and 313?
313
Suppose -5*b + 65 = -3*l + 7*l, 0 = l - 3*b - 12. Let s be l*8/(-12)*15/(-6). What is the highest common factor of 35 and s?
5
Let s be (-6)/((-4)/(-16) + 5/(-52)). Let w = s - -36. Let r(d) = -18*d + 6. Let g be r(w). Calculate the highest common divisor of 10 and g.
10
Suppose 338044 = 70*p - 242116. Calculate the greatest common factor of 74 and p.
74
Let c = 39 + -35. Suppose 5*n - 262 = -2*o, o + c*o - 725 = 5*n. What is the highest common factor of o and 3?
3
Let f(d) = 167*d + 362. Let p be f(-2). Calculate the highest common divisor of 742 and p.
14
Let x(y) = 5*y + 19. Let a be x(7). Suppose 3*b - i - 1 = 5*b, -4*b - 3 = 3*i. Suppose b = 2*j - 3 - 9. Calculate the greatest common divisor of a and j.
6
Let p be (-14)/(-105) + 656/30. Let a be (-176)/(-3)*33/p. Calculate the highest common divisor of 64 and a.
8
Let k(f) = -f**3 - 25*f**2 + 72*f + 1935. Let s be k(-25). Calculate the greatest common factor of 225 and s.
45
Let k be ((-287)/(-14) - 21)*(2 + -256). What is the highest common divisor of k and 13208?
127
Suppose -3*t - 768 = -19*t. Suppose x + 3*x = t. Calculate the greatest common factor of x and 84.
12
Let a be 815/163*(-18)/20*4/(-2). What is the greatest common factor of a and 8595?
9
Suppose 53*g - 21*g = -41*g + 31390. Calculate the highest common divisor of 258 and g.
86
Let k be (8 + -2 + -7)*(13 + -1). Let z be 2*((-1478)/(-12) - k/(-18)). Calculate the highest common factor of z and 35.
35
Suppose -g + 67 = 121. Let z be ((-96)/(-36))/((-3)/g*4). Calculate the greatest common divisor of z and 12.
12
Let u = -432 - -450. Suppose -f + 5 = 2. Suppose 5*p - l - f*l = 32, 2*p - u = -l. What is the greatest common divisor of 88 and p?
8
Let z(i) = -110*i - 259. Let o be z(-3). What is the greatest common divisor of o and 568?
71
Let c(z) = -3*z**2 + 170*z - 294. Let b be c(49). What is the greatest common factor of 85 and b?
17
Let c be -7 - (-2)/((-4)/(-38)). Calculate the highest common factor of c and 948.
12
Let c be 2/57 - 4322406/(-3762). Calculate the greatest common factor of c and 3.
3
Suppose 675 = 6*z - 11*z. Let i = z + 141. Suppose -i*s + 7*s = 11. Calculate the greatest common factor of s and 22.
11
Let n be (-48)/(-72) + (1 - 31/(-3)). Let t be n/18*2*15. Calculate the highest common divisor of t and 8.
4
Suppose 132 = 509*r - 503*r. Calculate the greatest common divisor of 1331 and r.
11
Let u = 4289 + -4244. Suppose 10 = -a - 3*i + 148, a - 146 = -i. What is the greatest common factor of u and a?
15
Let d = 17 - -4. Suppose -19*s + 15*s = -52. Let a(c) = -c**3 + 14*c**2 - 8*c - 23. Let f be a(s). Calculate the highest common divisor of f and d.
21
Let l be (-5)/(-15)*(-3)/(-5) + (-3296)/(-20). Calculate the highest common factor of l and 2915.
55
Let r be 22/440*-10*-4. Calculate the highest common factor of r and 5532.
2
Let u(h) = 5*h**2 + 4*h - 1. Let z be u(4). Suppose 894*j - 48 = 898*j. Let g be -5 + 12 + j + 42 + 1. Calculate the highest common divisor of z and g.
19
Suppose -21*p = -5884 - 3041. Calculate the highest common divisor of p and 2725.
25
Let k(c) = -c**3 - 16*c**2 - 61*c - 26. Let d be k(-12). What is the highest common factor of 3 and d?
1
Let z(o) be the first derivative of -7*o**2/2 - 29*o + 121. Let l be z(-11). What is the highest common divisor of 48 and l?
48
Let o = 4 + 60. Suppose 4*u + 3*p = p + 104, 3*u - o = 2*p. Let s be (4/34)/((-128)/(-17408)). What is the highest common factor of s and u?
8
Let g = 14051 + -14035. Calculate the highest common divisor of g and 67.
1
Let z = -24486 + 24815. Calculate the highest common factor of z and 189.
7
Suppose -2*z + 4*n = 4, 2*n = 3*z - n + 21. Let u be (-6460)/(-50) - z/15. What is the greatest common factor of 10 and u?
10
Let t be 181 - (3 + (-7 - -3))*-1. Suppose t = -3*o + 6*o. Calculate the greatest common divisor of o and 12.
12
Suppose 0 = 316*j + 351*j - 182*j - 31525. Let a = 17 + -12. Calculate the greatest common divisor of a and j.
5
Let s(o) = -o**3 + 7*o**2 - 4*o - 14. Let x be s(6). Let p = -5 - -2. Let j = x - p. What is the highest common